ose -5*v = 4*i - 570, t*v - 4*i + 137 = 747. What is the tens digit of v?
1
Let u be 3/(-6) - 3/(-6). Suppose -2*x - 1235 = -7*x. Suppose -4*c + 5*o + x = u, -c = -0*o + 4*o - 46. What is the tens digit of c?
5
Let h(m) = -3*m**3 - 10*m**2 + 2*m + 5. Let i be h(-3). Let u(d) be the first derivative of -d**3/3 - 7*d**2 + 2*d + 1. What is the units digit of u(i)?
2
Let l = -28 - -26. Let i = l + 34. What is the units digit of i?
2
Suppose -30*b = -27*b - 2283. Suppose -3*f - 5*q + b = 0, -3 - 5 = 4*q. What is the hundreds digit of f?
2
Let s be ((-8)/20)/((-6)/(-300)). Let k = 34 + s. What is the units digit of ((-32)/k)/(2/(-7))?
8
Let b(l) = -l + 11. Let g be b(9). Let z be (-4)/g + 35/5. Suppose 4*s + z*t - 135 = 0, 2*s - 5*t + 0*t = 75. What is the tens digit of s?
3
Suppose 8 = -j + 3*s - 1, -11 = 3*j - s. Let y(u) be the third derivative of u**5/20 + u**4/6 + u**3/3 - u**2. What is the units digit of y(j)?
7
Suppose 2*b - 4*b = -702. Suppose -2*z - 2*u = -108, -5*z - 63 + b = -4*u. What is the units digit of z?
6
What is the units digit of 4*182/12*3?
2
Suppose 4*h + 3*l - 1436 = -h, -2*h + 566 = -3*l. Let j be (-3)/2 + h/4. Let g = -50 + j. What is the tens digit of g?
2
Let x = 4 - 2. What is the units digit of (-41)/(-4)*(6 - x)?
1
Let l(x) = 18*x - 10*x - 3 - 68*x. What is the units digit of l(-2)?
7
Let s(c) = -7*c**3 - 35*c**2 - 27*c - 1. Let r(q) = -4*q**3 - 18*q**2 - 14*q - 1. Let b(v) = 5*r(v) - 3*s(v). What is the tens digit of b(-13)?
9
Let j(y) = -13*y + 17*y + 9 + 4*y. Let m be j(3). What is the units digit of (m/(-9))/((-1)/6)?
2
Let b(j) = -j**2 + 43*j + 28. What is the tens digit of b(34)?
3
Let v(o) = -2*o - 13. Let g be v(-8). Let n be 2/((-2)/(-1))*19. Let y = n - g. What is the tens digit of y?
1
Let q(b) = 4*b**2 + 2*b - 5. Let c(t) = -t - 1. Let w be c(-6). Suppose -w*k - 4*n = -3*k - 6, 15 = 5*n. What is the tens digit of q(k)?
2
Let j(b) = -2*b**3 - b**2 - 15*b + 1. What is the units digit of j(-9)?
3
Let p = -49 - -61. What is the hundreds digit of ((p/8)/(3/354))/1?
1
Let y = -84 - -1370. What is the hundreds digit of y?
2
Let y be (2 - 1)/(-2*(-1)/(-6)). What is the tens digit of (-61)/(0 + y/6)?
2
Suppose -2*u + 3*u - 20 = -5*j, -4*u = -5*j - 5. Suppose s + 4*q - 94 = 0, 360 = u*s - q - q. Let r = s - 50. What is the units digit of r?
4
Suppose -3*x + 81 = 36. Let c(p) = p**2 + 8*p - 2. Let u be c(-6). Let f = u + x. What is the units digit of f?
1
Let x(n) = 2*n**2 - 4*n + 27. What is the units digit of x(8)?
3
Let y = 98 - -2882. What is the tens digit of y?
8
Suppose -16*i = i - 221. Suppose 2*j + 6 = 0, -i*z + 5*j = -16*z + 402. What is the tens digit of z?
3
Let f = 10 - 4. Let n be (-232)/f - 14/(-21). Let w = -23 - n. What is the units digit of w?
5
What is the units digit of (-7109)/(-13) - 20/(-130)?
7
Let p be (-3)/6 - 15/(-6). Suppose -3*q = -c - 3*c - 178, 3*c - 81 = -q. Suppose p*d - q = -d. What is the units digit of d?
2
Suppose 0*b - b + 59 = 0. Let v = b + -17. Suppose -12*a + 10*a = -v. What is the units digit of a?
1
Suppose 5*d = 2*d + 276. Let v be -1 - (-46 - 0/5). Let s = d - v. What is the tens digit of s?
4
Suppose -3*n - 4*q + 21 = -q, 5 = -q. Suppose n = 2*b - 4*l - 0*l, l = -4*b + 24. Suppose b*h - 3*h = 12. What is the units digit of h?
4
Let b = 1673 - 413. What is the units digit of b?
0
Let f be ((-128)/(8/(-2)))/2. Let m be 20/f*(3 - -1). Suppose -m*w + 4 + 6 = 0. What is the units digit of w?
2
Let x(c) = -2632*c**3 + 2*c**2 - 27*c - 29. What is the units digit of x(-1)?
2
Let b be (25/10 - 6)/(2/(-4)). Suppose b = c - 3*o, 4*c = 5*o - 3*o + 28. What is the units digit of c?
7
Suppose 65 = -4*m + 3*s, 3*m + s + 67 = -2*m. Let x = 10 + m. What is the units digit of 8 + (-5 + 1)/x?
9
Let g(t) = -10*t - 45. Let k(d) = 5*d + 22. Let v(h) = -6*g(h) - 13*k(h). What is the tens digit of v(-9)?
2
Let j be (8/(-4) - -5) + -3. Suppose 3*y + 4*r - 506 = j, -2*y + 676 = 2*y + 4*r. What is the tens digit of y?
7
Let y(l) be the third derivative of 11*l**5/60 - l**4/4 - 14*l**2. What is the tens digit of y(3)?
8
Suppose 0*t - 2*t - 4*h - 8 = 0, 0 = -t - h - 8. What is the units digit of (81/(-4))/(3/t)?
1
Let f be 21/4*64/12. Let b = f + 291. What is the tens digit of b?
1
What is the hundreds digit of (7 - 6)/(14/31444)?
2
Suppose 20 = -0*d + 4*d. Suppose p + d = 3*j, p = -p + j. What is the tens digit of (5 + p)*(-10)/(-4)?
1
Let w(z) = 246*z - 13. Let q be w(2). Suppose 5*r - q = -2*b, 598 = 2*b - 3*r + 79. What is the hundreds digit of b?
2
Suppose 39 - 11 = 4*t. Suppose -3*m + 0 = 2*d - 21, -m = -4*d - t. What is the units digit of m?
7
Let z(r) = r**3 - 5*r**2 - 3*r + 7. Let o be z(5). Let j(n) = n**2 + 13*n + 18. Let m be j(o). Let p = m + 33. What is the units digit of p?
1
Let g(j) = -j + 5. Let o(m) = -5*m - 41 + 0*m + 13*m. Let i(v) = -51*g(v) - 6*o(v). What is the units digit of i(4)?
3
What is the tens digit of -7 + (-747)/(-99) - (-1995)/33?
6
Let t(d) = -d**3 + 12*d**2 - 2*d + 11. Let y be t(11). Suppose 0 = 8*j - 7*j - y. What is the hundreds digit of j?
1
Let w(h) = h**3 - 27*h**2 + 23*h - 18. Let f be w(23). What is the hundreds digit of (f/(-30))/((-1)/(-4))?
2
Suppose 5*s - 5*f - 15 = 0, -4*s - 2*f + 10 = -4*f. What is the units digit of s*(5/(-10) - -2)?
3
Suppose -4*v + 23 = 3. Let g be ((-1)/(-1) - -1) + 1. What is the tens digit of g*-1 + v + 17?
1
What is the units digit of (-16)/72 - 1084*3/(-54)?
0
What is the hundreds digit of (-118770)/(-180) + (-5)/6?
6
Let w = -89 + 100. Suppose -w*d - d + 984 = 0. What is the tens digit of d?
8
Let r(n) = -3*n + 6*n + 2*n**2 + 9*n + 8*n**2 + 8 + n**3. Let a be r(-9). Let u = 12 - a. What is the units digit of u?
1
Let d(q) = -q**3 + 14*q**2 - 13*q - 4. Let k be d(13). Let y be 2*2/k + 3. What is the tens digit of 23 + 4/(8/y)?
2
Let u(t) = -t**3 + 6*t**2 - 6*t + 8. Let h be u(5). What is the units digit of 1 + (-4 - -9) - h?
3
What is the hundreds digit of (1 - (4 - 6))/(5/965)?
5
Let d = -77 - -79. Suppose 9*x = d*x + 1358. What is the hundreds digit of x?
1
What is the hundreds digit of 1 - (-5742)/(16 - 7)?
6
Suppose 3*i - 1 = -q, 2*i - 5*i + 26 = -4*q. What is the tens digit of (1/3)/(i/24) - -76?
8
Let h(t) be the second derivative of -3*t**3 - 10*t**2 - 5*t - 5. What is the units digit of h(-2)?
6
Let k(n) = n**3 - 5*n**2 + 2*n + 15. What is the hundreds digit of k(9)?
3
Let i(o) = -o**2 + 6*o + 3. Let b be i(4). Suppose -f - b - 13 = 0. What is the units digit of 9/((-3)/f*4)?
8
Suppose 3*d - 2*l - 1708 = 0, -2*l + 0*l = 5*d - 2820. What is the hundreds digit of d?
5
Let q be 164/3*36/(-8). Let i = -166 - q. What is the tens digit of i?
8
Let i(l) = -l**2 - 3*l - 1. Let s be i(-2). Suppose 5*z + s = -0*t - 3*t, -7 = 5*t + 3*z. What is the units digit of (-1)/(t - 45/(-24))?
8
Let v(w) = w**3 - 11*w + 1. Let h(z) = 3*z + 48. Let f be h(-14). What is the units digit of v(f)?
1
Suppose -2*r - 3*r = 0. Let m = r - -56. What is the tens digit of m?
5
Let c(b) = 2*b**3 - b**2 + 59*b - 11. What is the hundreds digit of c(6)?
7
Suppose 0 = -i - 4, -4*w - i - 2 = -3*w. What is the units digit of w?
2
Let o = -947 + 2216. What is the units digit of o?
9
Let s be 4 - (4/5)/(2/(-5)). Suppose 4*f - 5*m - 557 = 0, -5*f + 718 = 7*m - s*m. What is the tens digit of f?
4
Let b(u) = 2797*u - 43. What is the units digit of b(1)?
4
Suppose 2*f - 3*f = -7. Suppose 0 = -f*k + 481 + 317. What is the units digit of k?
4
Let k(t) be the second derivative of -t**3/6 + 17*t**2/2 - 5*t. What is the units digit of k(8)?
9
Let s be (-41420)/(-171) - 2/9. What is the tens digit of (s/(-5))/(13/(-65))?
4
Let v(g) = 396*g**2 + 22*g + 46. What is the thousands digit of v(-3)?
3
Let r be (-12)/(-8)*(-4)/3. Let c = 4 - r. Suppose l - c = -4. What is the units digit of l?
2
Suppose -2 = -l + 2. Let q be (3 - (-3 + l))*1. Suppose q*k - 32 = -3*v - 7, v = 1. What is the tens digit of k?
1
Let y = -2546 - -4788. Suppose -13*f = -371 - y. What is the hundreds digit of f?
2
Let b(h) = h - 1. Let l be b(10). Let y = l - 2. Let r = y - 5. What is the units digit of r?
2
Suppose -5*u + 2*s = -442, 2*u - u = 5*s + 93. Let d = -32 - -91. Let c = u - d. What is the tens digit of c?
2
Let l = 4380 + -2332. What is the units digit of l?
8
What is the units digit of